{"id":7,"date":"2015-08-25T14:13:25","date_gmt":"2015-08-25T12:13:25","guid":{"rendered":"http:\/\/www.schnellzeichnen.de\/szdewp\/?page_id=7"},"modified":"2016-08-17T22:23:55","modified_gmt":"2016-08-17T20:23:55","slug":"der-zeichner","status":"publish","type":"page","link":"https:\/\/www.schnellzeichnen.de\/szdewp\/der-zeichner\/","title":{"rendered":"Der Zeichner"},"content":{"rendered":"<h2><span style=\"color: #333333; font-family: arial,helvetica,sans-serif;\">Ein paar Worte zum Menschen und K\u00fcnstler Werner Michael<img loading=\"lazy\" decoding=\"async\" class=\"alignleft size-full wp-image-35\" src=\"http:\/\/www.schnellzeichnen.de\/szdewp\/wp-content\/uploads\/2015\/08\/zeichner.jpg\" alt=\"Zeichner.jpg\" width=\"259\" height=\"473\" srcset=\"https:\/\/www.schnellzeichnen.de\/szdewp\/wp-content\/uploads\/2015\/08\/zeichner.jpg 259w, https:\/\/www.schnellzeichnen.de\/szdewp\/wp-content\/uploads\/2015\/08\/zeichner-164x300.jpg 164w\" sizes=\"auto, (max-width: 259px) 100vw, 259px\" \/><\/span><\/h2>\n<p style=\"text-align: justify;\"><span style=\"font-family: arial,helvetica,sans-serif; font-size: 10pt;\">Der geb\u00fcrtige Nordbayer hat bereits in der Schulzeit sein Talent zum Zeichnen, Malen und Karikieren entwickelt, erz\u00e4hlt der Filzstift-Artist: &#8222;Mathe und Physik lagen mir nicht, also mu\u00dfte ich den Kunstweg einschlagen.&#8220;<\/span><\/p>\n<p style=\"text-align: justify;\"><span style=\"font-family: arial,helvetica,sans-serif; font-size: 10pt;\">Mit Lehrerportraits in der Sch\u00fclerzeitung zog Werner Michael erste Aufmerksamkeit auf sich. Allerdings nahm nicht jeder Pauker die graphische Umsetzung seines Konterfeis mit der n\u00f6tigen Portion Humor.<\/span><\/p>\n<p style=\"text-align: justify;\"><span style=\"font-family: arial,helvetica,sans-serif; font-size: 10pt;\">1987 entdeckte der &#8222;Handelsblatt&#8220;-Karikaturist Bubec das zeichnerische Talent des inzwischen ausgelernten Werbe-kaufmanns und Grafikers. Werner Michael entschlo\u00df sich zur Karikaturisten-Karriere.<\/span><\/p>\n<p style=\"text-align: justify;\"><span style=\"font-family: arial,helvetica,sans-serif; font-size: 10pt;\"><strong>Der erste Erfolg kam in Form eines Weltrekords!<\/strong> <\/span><\/p>\n<p style=\"text-align: justify;\"><span style=\"font-family: arial,helvetica,sans-serif; font-size: 10pt;\">Von 1988-1994 f\u00fchrt Ihn das &#8222;Lexikon der Superlative&#8220; als Rekordhalter in der Sparte &#8222;Schnellzeichnen&#8220;. 164 Portraits mu\u00dfte Werner Michael damals in weniger als vier Stunden auf den Zeichenkarton stricheln!<\/span><\/p>\n<p style=\"text-align: justify;\"><span style=\"font-family: arial,helvetica,sans-serif; font-size: 10pt;\">Seine bis zu achtzig Auftritte im Jahr w\u00fcrzt der Mann der flinken Feder mit Stimmenimitationen, Gags und flotten Spr\u00fcchen. So wird das &#8222;Dabeisein&#8220; zum Erlebnis!<\/span><\/p>\n<p style=\"text-align: justify;\"><span style=\"font-family: arial,helvetica,sans-serif; font-size: 10pt;\">Als Managerin fungiert seine Ehefrau. Sie koordiniert die Auftritte ihres Mannes bei Galas, Messen, \u00a0Firmenjubil\u00e4en oder sonstigen Veranstaltungen mit Showeinlagen. <\/span><\/p>\n<p style=\"text-align: justify;\"><span style=\"font-family: arial,helvetica,sans-serif; font-size: 10pt;\">F\u00fcr eigene Kinder habe er bisher noch keine Zeit gefunden, bekennt \u00a0der Vielreisende: <\/span><\/p>\n<p style=\"text-align: justify;\"><span style=\"font-family: arial,helvetica,sans-serif; font-size: 10pt;\">&#8222;Ich bin ja schon froh, wenn ich zwischendurch mal meine Frau sehe&#8230;!&#8220;<\/span><\/p>\n<p style=\"text-align: justify;\">\u00a0<br class=\"none\" \/><\/p>\n","protected":false},"excerpt":{"rendered":"<h4><span style=\"font-family: arial, helvetica, sans-serif;\">Rekordzeichner Werner Michael<\/span><\/h4>\n<p>Erfahren Sie hier mehr zum K\u00fcnstler\u00a0und Menschen Werner Michael&#8230;<\/p><p><a class=\"more-link btn\" href=\"https:\/\/www.schnellzeichnen.de\/szdewp\/der-zeichner\/\">Weiterlesen<\/a><\/p>\n","protected":false},"author":1,"featured_media":692,"parent":0,"menu_order":0,"comment_status":"closed","ping_status":"closed","template":"","meta":{"footnotes":""},"class_list":["post-7","page","type-page","status-publish","has-post-thumbnail","hentry","nodate","item-wrap"],"_links":{"self":[{"href":"https:\/\/www.schnellzeichnen.de\/szdewp\/wp-json\/wp\/v2\/pages\/7","targetHints":{"allow":["GET"]}}],"collection":[{"href":"https:\/\/www.schnellzeichnen.de\/szdewp\/wp-json\/wp\/v2\/pages"}],"about":[{"href":"https:\/\/www.schnellzeichnen.de\/szdewp\/wp-json\/wp\/v2\/types\/page"}],"author":[{"embeddable":true,"href":"https:\/\/www.schnellzeichnen.de\/szdewp\/wp-json\/wp\/v2\/users\/1"}],"replies":[{"embeddable":true,"href":"https:\/\/www.schnellzeichnen.de\/szdewp\/wp-json\/wp\/v2\/comments?post=7"}],"version-history":[{"count":0,"href":"https:\/\/www.schnellzeichnen.de\/szdewp\/wp-json\/wp\/v2\/pages\/7\/revisions"}],"wp:featuredmedia":[{"embeddable":true,"href":"https:\/\/www.schnellzeichnen.de\/szdewp\/wp-json\/wp\/v2\/media\/692"}],"wp:attachment":[{"href":"https:\/\/www.schnellzeichnen.de\/szdewp\/wp-json\/wp\/v2\/media?parent=7"}],"curies":[{"name":"wp","href":"https:\/\/api.w.org\/{rel}","templated":true}]}}